{"id":1799,"date":"2024-11-19T13:23:30","date_gmt":"2024-11-19T12:23:30","guid":{"rendered":"http:\/\/elodiepaumier-coachdevie-image.com\/?page_id=1799"},"modified":"2026-01-07T11:48:37","modified_gmt":"2026-01-07T10:48:37","slug":"bilan-dimage-analyse-colorimetrique","status":"publish","type":"page","link":"https:\/\/elodiepaumier-coachdevie-image.com\/index.php\/bilan-dimage-analyse-colorimetrique\/","title":{"rendered":"Bilan d&rsquo;image &amp; Analyses colorim\u00e9trique &#038; morphologique"},"content":{"rendered":"\n\n\n\n\n\n\n\n\n\n\n\n\n\n\n\n\n\n\n\n","protected":false},"excerpt":{"rendered":"","protected":false},"author":1,"featured_media":0,"parent":0,"menu_order":0,"comment_status":"closed","ping_status":"closed","template":"full-width","meta":{"saved_in_kubio":true,"footnotes":""},"class_list":["post-1799","page","type-page","status-publish","hentry"],"kubio_ai_page_context":{"short_desc":"","purpose":"general"},"yoast_head":"<!-- This site is optimized with the Yoast SEO plugin v27.4 - https:\/\/yoast.com\/product\/yoast-seo-wordpress\/ -->\n<title>Bilan d&#039;image &amp; Analyses colorim\u00e9trique &amp; morphologique - Elodie Paumier Coach de vie Redon<\/title>\n<meta name=\"description\" content=\"Bilan d&#039;image et analyse colorim\u00e9trique \u00e0 Redon. D\u00e9couvrez les couleurs qui vous subliment en Ille-et-Vilaine,Loire Atlantique et au Morbihan\" \/>\n<meta name=\"robots\" content=\"index, follow, max-snippet:-1, max-image-preview:large, max-video-preview:-1\" \/>\n<link rel=\"canonical\" href=\"https:\/\/elodiepaumier-coachdevie-image.com\/index.php\/bilan-dimage-analyse-colorimetrique\/\" \/>\n<meta property=\"og:locale\" content=\"fr_FR\" \/>\n<meta property=\"og:type\" content=\"article\" \/>\n<meta property=\"og:title\" content=\"Bilan d&#039;image &amp; Analyses colorim\u00e9trique &amp; morphologique - Elodie Paumier Coach de vie Redon\" \/>\n<meta property=\"og:description\" content=\"Bilan d&#039;image et analyse colorim\u00e9trique \u00e0 Redon. D\u00e9couvrez les couleurs qui vous subliment en Ille-et-Vilaine,Loire Atlantique et au Morbihan\" \/>\n<meta property=\"og:url\" content=\"https:\/\/elodiepaumier-coachdevie-image.com\/index.php\/bilan-dimage-analyse-colorimetrique\/\" \/>\n<meta property=\"og:site_name\" content=\"Elodie Paumier Coach de vie Redon\" \/>\n<meta property=\"article:modified_time\" content=\"2026-01-07T10:48:37+00:00\" \/>\n<meta name=\"twitter:card\" content=\"summary_large_image\" \/>\n<script type=\"application\/ld+json\" class=\"yoast-schema-graph\">{\"@context\":\"https:\\\/\\\/schema.org\",\"@graph\":[{\"@type\":\"WebPage\",\"@id\":\"https:\\\/\\\/elodiepaumier-coachdevie-image.com\\\/index.php\\\/bilan-dimage-analyse-colorimetrique\\\/\",\"url\":\"https:\\\/\\\/elodiepaumier-coachdevie-image.com\\\/index.php\\\/bilan-dimage-analyse-colorimetrique\\\/\",\"name\":\"Bilan d'image &amp; Analyses colorim\u00e9trique & morphologique - Elodie Paumier Coach de vie Redon\",\"isPartOf\":{\"@id\":\"https:\\\/\\\/elodiepaumier-coachdevie-image.com\\\/#website\"},\"datePublished\":\"2024-11-19T12:23:30+00:00\",\"dateModified\":\"2026-01-07T10:48:37+00:00\",\"description\":\"Bilan d'image et analyse colorim\u00e9trique \u00e0 Redon. D\u00e9couvrez les couleurs qui vous subliment en Ille-et-Vilaine,Loire Atlantique et au Morbihan\",\"breadcrumb\":{\"@id\":\"https:\\\/\\\/elodiepaumier-coachdevie-image.com\\\/index.php\\\/bilan-dimage-analyse-colorimetrique\\\/#breadcrumb\"},\"inLanguage\":\"fr-FR\",\"potentialAction\":[{\"@type\":\"ReadAction\",\"target\":[\"https:\\\/\\\/elodiepaumier-coachdevie-image.com\\\/index.php\\\/bilan-dimage-analyse-colorimetrique\\\/\"]}]},{\"@type\":\"BreadcrumbList\",\"@id\":\"https:\\\/\\\/elodiepaumier-coachdevie-image.com\\\/index.php\\\/bilan-dimage-analyse-colorimetrique\\\/#breadcrumb\",\"itemListElement\":[{\"@type\":\"ListItem\",\"position\":1,\"name\":\"Accueil\",\"item\":\"https:\\\/\\\/elodiepaumier-coachdevie-image.com\\\/\"},{\"@type\":\"ListItem\",\"position\":2,\"name\":\"Bilan d&rsquo;image &amp; Analyses colorim\u00e9trique &#038; morphologique\"}]},{\"@type\":\"WebSite\",\"@id\":\"https:\\\/\\\/elodiepaumier-coachdevie-image.com\\\/#website\",\"url\":\"https:\\\/\\\/elodiepaumier-coachdevie-image.com\\\/\",\"name\":\"Elodie Paumier Coach de vie Redon\",\"description\":\"un site sur le coaching de vie, la parentalit\u00e9 et le conseil en image\",\"publisher\":{\"@id\":\"https:\\\/\\\/elodiepaumier-coachdevie-image.com\\\/#organization\"},\"potentialAction\":[{\"@type\":\"SearchAction\",\"target\":{\"@type\":\"EntryPoint\",\"urlTemplate\":\"https:\\\/\\\/elodiepaumier-coachdevie-image.com\\\/?s={search_term_string}\"},\"query-input\":{\"@type\":\"PropertyValueSpecification\",\"valueRequired\":true,\"valueName\":\"search_term_string\"}}],\"inLanguage\":\"fr-FR\"},{\"@type\":\"Organization\",\"@id\":\"https:\\\/\\\/elodiepaumier-coachdevie-image.com\\\/#organization\",\"name\":\"Elodie Paumier Coach de vie Redon\",\"url\":\"https:\\\/\\\/elodiepaumier-coachdevie-image.com\\\/\",\"logo\":{\"@type\":\"ImageObject\",\"inLanguage\":\"fr-FR\",\"@id\":\"https:\\\/\\\/elodiepaumier-coachdevie-image.com\\\/#\\\/schema\\\/logo\\\/image\\\/\",\"url\":\"https:\\\/\\\/elodiepaumier-coachdevie-image.com\\\/wp-content\\\/uploads\\\/2024\\\/11\\\/Logo-Elodie-Coach.png\",\"contentUrl\":\"https:\\\/\\\/elodiepaumier-coachdevie-image.com\\\/wp-content\\\/uploads\\\/2024\\\/11\\\/Logo-Elodie-Coach.png\",\"width\":500,\"height\":500,\"caption\":\"Elodie Paumier Coach de vie Redon\"},\"image\":{\"@id\":\"https:\\\/\\\/elodiepaumier-coachdevie-image.com\\\/#\\\/schema\\\/logo\\\/image\\\/\"}}]}<\/script>\n<!-- \/ Yoast SEO plugin. -->","yoast_head_json":{"title":"Bilan d'image &amp; Analyses colorim\u00e9trique & morphologique - Elodie Paumier Coach de vie Redon","description":"Bilan d'image et analyse colorim\u00e9trique \u00e0 Redon. D\u00e9couvrez les couleurs qui vous subliment en Ille-et-Vilaine,Loire Atlantique et au Morbihan","robots":{"index":"index","follow":"follow","max-snippet":"max-snippet:-1","max-image-preview":"max-image-preview:large","max-video-preview":"max-video-preview:-1"},"canonical":"https:\/\/elodiepaumier-coachdevie-image.com\/index.php\/bilan-dimage-analyse-colorimetrique\/","og_locale":"fr_FR","og_type":"article","og_title":"Bilan d'image &amp; Analyses colorim\u00e9trique & morphologique - Elodie Paumier Coach de vie Redon","og_description":"Bilan d'image et analyse colorim\u00e9trique \u00e0 Redon. D\u00e9couvrez les couleurs qui vous subliment en Ille-et-Vilaine,Loire Atlantique et au Morbihan","og_url":"https:\/\/elodiepaumier-coachdevie-image.com\/index.php\/bilan-dimage-analyse-colorimetrique\/","og_site_name":"Elodie Paumier Coach de vie Redon","article_modified_time":"2026-01-07T10:48:37+00:00","twitter_card":"summary_large_image","schema":{"@context":"https:\/\/schema.org","@graph":[{"@type":"WebPage","@id":"https:\/\/elodiepaumier-coachdevie-image.com\/index.php\/bilan-dimage-analyse-colorimetrique\/","url":"https:\/\/elodiepaumier-coachdevie-image.com\/index.php\/bilan-dimage-analyse-colorimetrique\/","name":"Bilan d'image &amp; Analyses colorim\u00e9trique & morphologique - Elodie Paumier Coach de vie Redon","isPartOf":{"@id":"https:\/\/elodiepaumier-coachdevie-image.com\/#website"},"datePublished":"2024-11-19T12:23:30+00:00","dateModified":"2026-01-07T10:48:37+00:00","description":"Bilan d'image et analyse colorim\u00e9trique \u00e0 Redon. D\u00e9couvrez les couleurs qui vous subliment en Ille-et-Vilaine,Loire Atlantique et au Morbihan","breadcrumb":{"@id":"https:\/\/elodiepaumier-coachdevie-image.com\/index.php\/bilan-dimage-analyse-colorimetrique\/#breadcrumb"},"inLanguage":"fr-FR","potentialAction":[{"@type":"ReadAction","target":["https:\/\/elodiepaumier-coachdevie-image.com\/index.php\/bilan-dimage-analyse-colorimetrique\/"]}]},{"@type":"BreadcrumbList","@id":"https:\/\/elodiepaumier-coachdevie-image.com\/index.php\/bilan-dimage-analyse-colorimetrique\/#breadcrumb","itemListElement":[{"@type":"ListItem","position":1,"name":"Accueil","item":"https:\/\/elodiepaumier-coachdevie-image.com\/"},{"@type":"ListItem","position":2,"name":"Bilan d&rsquo;image &amp; Analyses colorim\u00e9trique &#038; morphologique"}]},{"@type":"WebSite","@id":"https:\/\/elodiepaumier-coachdevie-image.com\/#website","url":"https:\/\/elodiepaumier-coachdevie-image.com\/","name":"Elodie Paumier Coach de vie Redon","description":"un site sur le coaching de vie, la parentalit\u00e9 et le conseil en image","publisher":{"@id":"https:\/\/elodiepaumier-coachdevie-image.com\/#organization"},"potentialAction":[{"@type":"SearchAction","target":{"@type":"EntryPoint","urlTemplate":"https:\/\/elodiepaumier-coachdevie-image.com\/?s={search_term_string}"},"query-input":{"@type":"PropertyValueSpecification","valueRequired":true,"valueName":"search_term_string"}}],"inLanguage":"fr-FR"},{"@type":"Organization","@id":"https:\/\/elodiepaumier-coachdevie-image.com\/#organization","name":"Elodie Paumier Coach de vie Redon","url":"https:\/\/elodiepaumier-coachdevie-image.com\/","logo":{"@type":"ImageObject","inLanguage":"fr-FR","@id":"https:\/\/elodiepaumier-coachdevie-image.com\/#\/schema\/logo\/image\/","url":"https:\/\/elodiepaumier-coachdevie-image.com\/wp-content\/uploads\/2024\/11\/Logo-Elodie-Coach.png","contentUrl":"https:\/\/elodiepaumier-coachdevie-image.com\/wp-content\/uploads\/2024\/11\/Logo-Elodie-Coach.png","width":500,"height":500,"caption":"Elodie Paumier Coach de vie Redon"},"image":{"@id":"https:\/\/elodiepaumier-coachdevie-image.com\/#\/schema\/logo\/image\/"}}]}},"_links":{"self":[{"href":"https:\/\/elodiepaumier-coachdevie-image.com\/index.php\/wp-json\/wp\/v2\/pages\/1799","targetHints":{"allow":["GET"]}}],"collection":[{"href":"https:\/\/elodiepaumier-coachdevie-image.com\/index.php\/wp-json\/wp\/v2\/pages"}],"about":[{"href":"https:\/\/elodiepaumier-coachdevie-image.com\/index.php\/wp-json\/wp\/v2\/types\/page"}],"author":[{"embeddable":true,"href":"https:\/\/elodiepaumier-coachdevie-image.com\/index.php\/wp-json\/wp\/v2\/users\/1"}],"replies":[{"embeddable":true,"href":"https:\/\/elodiepaumier-coachdevie-image.com\/index.php\/wp-json\/wp\/v2\/comments?post=1799"}],"version-history":[{"count":82,"href":"https:\/\/elodiepaumier-coachdevie-image.com\/index.php\/wp-json\/wp\/v2\/pages\/1799\/revisions"}],"predecessor-version":[{"id":2992,"href":"https:\/\/elodiepaumier-coachdevie-image.com\/index.php\/wp-json\/wp\/v2\/pages\/1799\/revisions\/2992"}],"wp:attachment":[{"href":"https:\/\/elodiepaumier-coachdevie-image.com\/index.php\/wp-json\/wp\/v2\/media?parent=1799"}],"curies":[{"name":"wp","href":"https:\/\/api.w.org\/{rel}","templated":true}]}}